2 (base 14) to base 16.
-1e
What is -25 (base 6) in base 14?
-13
Convert 2 (base 13) to base 6.
2
What is 4 (base 12) in base 13?
4
What is -31 (base 12) in base 10?
-37
-5 (base 13) to base 11
-5
-12 (base 11) to base 9
-14
Convert 10 (base 8) to base 5.
13
What is 3 (base 11) in base 4?
3
-3 (base 9) to base 3
-10
What is 162 (base 8) in base 14?
82
4 (base 8) to base 13
4
Convert 1202 (base 3) to base 10.
47
What is 13b (base 13) in base 4?
3123
What is -4 (base 7) in base 6?
-4
Convert -1 (base 6) to base 5.
-1
Convert 0 (base 16) to base 10.
0
-1010001 (base 2) to base 7
-144
What is -181 (base 12) in base 3?
-22221
Convert -27 (base 11) to base 10.
-29
-42 (base 6) to base 8
-32
What is -36 (base 7) in base 4?
-123
112 (base 8) to base 14
54
20 (base 7) to base 14
10
Convert -2 (base 10) to base 16.
-2
101 (base 4) to base 7
23
What is -2 (base 5) in base 9?
-2
61 (base 8) to base 3
1211
What is -3 (base 15) in base 8?
-3
-3 (base 5) to base 13
-3
Convert -1 (base 12) to base 10.
-1
3 (base 4) to base 16
3
-1 (base 3) to base 5
-1
Convert -24 (base 6) to base 10.
-16
100110 (base 2) to base 13
2c
Convert 13 (base 5) to base 7.
11
-11 (base 11) to base 7
-15
Convert -175 (base 8) to base 14.
-8d
What is 112 (base 4) in base 7?
31
What is 16 (base 8) in base 6?
22
What is -36 (base 13) in base 5?
-140
Convert -11220 (base 3) to base 9.
-156
Convert 1000 (base 2) to base 11.
8
Convert 10 (base 10) to base 13.
a
Convert -14 (base 15) to base 9.
-21
What is -2010 (base 4) in base 11?
-110
Convert 0 (base 11) to base 6.
0
What is -16 (base 15) in base 4?
-111
0 (base 12) to base 9
0
-13 (base 14) to base 3
-122
What is -1 (base 6) in base 4?
-1
-3e (base 16) to base 6
-142
Convert 53 (base 11) to base 2.
111010
What is -1d (base 15) in base 2?
-11100
What is -41 (base 7) in base 15?
-1e
Convert -10 (base 15) to base 8.
-17
Convert 101 (base 2) to base 6.
5
543 (base 6) to base 7
414
0 (base 8) to base 10
0
Convert 10 (base 4) to base 8.
4
0 (base 14) to base 6
0
Convert -131 (base 7) to base 2.
-1000111
-2 (base 10) to base 14
-2
What is 1 (base 13) in base 2?
1
-3 (base 13) to base 15
-3
What is 2121 (base 3) in base 10?
70
-18 (base 11) to base 16
-13
-6 (base 14) to base 3
-20
Convert -309 (base 12) to base 10.
-441
Convert -1 (base 15) to base 2.
-1
-200 (base 10) to base 13
-125
Convert -10021 (base 3) to base 10.
-88
What is 11 (base 3) in base 2?
100
Convert -48 (base 16) to base 6.
-200
What is -6 (base 13) in base 16?
-6
What is -133 (base 5) in base 15?
-2d
14 (base 16) to base 14
16
Convert -211 (base 5) to base 15.
-3b
Convert 102 (base 7) to base 10.
51
-21 (base 10) to base 7
-30
1 (base 3) to base 14
1
Convert -1102 (base 4) to base 16.
-52
-5 (base 9) to base 15
-5
What is 11 (base 2) in base 9?
3
What is 9 (base 16) in base 8?
11
What is -16 (base 7) in base 11?
-12
What is 13 (base 16) in base 4?
103
Convert -11 (base 2) to base 15.
-3
Convert -78 (base 9) to base 6.
-155
What is 111 (base 5) in base 16?
1f
Convert -10010 (base 2) to base 10.
-18
Convert -33 (base 4) to base 10.
-15
Convert -19 (base 12) to base 6.
-33
Convert 8 (base 16) to base 5.
13
Convert 0 (base 13) to base 12.
0
Convert -34 (base 6) to base 5.
-42
What is 1103 (base 4) in base 12?
6b
132 (base 14) to base 3
22220
What is 15 (base 10) in base 14?
11
What is 3 (base 5) in base 7?
3
Convert -10011101 (base 2) to base 10.
-157
Convert -1100 (base 2) to base 3.
-110
24 (base 11) to base 2
11010
7 (base 14) to base 10
7
What is -245 (base 6) in base 3?
-10202
Convert 3 (base 7) to base 8.
3
-2 (base 14) to base 8
-2
Convert -1 (base 6) to base 16.
-1
-353 (base 7) to base 8
-271
-3 (base 7) to base 3
-10
What is -2 (base 7) in base 4?
-2
-15 (base 10) to base 3
-120
What is 0 (base 5) in base 7?
0
What is 4 (base 6) in base 14?
4
What is 4 (base 16) in base 3?
11
What is -6 (base 7) in base 13?
-6
What is 2 (base 9) in base 3?
2
-10 (base 5) to base 14
-5
-11 (base 2) to base 15
-3
-332 (base 10) to base 2
-101001100
-212 (base 3) to base 13
-1a
111 (base 8) to base 14
53
Convert -1020 (base 3) to base 8.
-41
1 (base 6) to base 7
1
Convert -49 (base 10) to base 6.
-121
What is d (base 16) in base 9?
14
Convert 2 (base 10) to base 6.
2
-3 (base 14) to base 15
-3
Convert 6 (base 9) to base 8.
6
4 (base 16) to base 14
4
What is 5 (base 9) in base 16?
5
Convert -12 (base 4) to base 2.
-110
What is -441 (base 8) in base 16?
-121
Convert 113 (base 5) to base 8.
41
What is -18b (base 13) in base 11?
-239
Convert 90 (base 14) to base 6.
330
What is -145 (base 6) in base 13?
-50
Convert 4 (base 6) to base 11.
4
Convert -4 (base 8) to base 15.
-4
What is -25 (base 15) in base 14?
-27
What is 1 (base 2) in base 15?
1
What is -100110 (base 2) in base 11?
-35
What is 22 (base 10) in base 12?
1a
-32 (base 10) to base 7
-44
5 (base 7) to base 14
5
Convert -10 (base 4) to base 15.
-4
Convert -2112 (base 3) to base 7.
-125
33 (base 6) to base 11
1a
What is 2 (base 14) in base 10?
2
What is -4 (base 9) in base 2?
-100
Convert -ba (base 14) to base 8.
-244
Convert 200 (base 3) to base 14.
14
Convert -8 (base 9) to base 12.
-8
-30 (base 9) to base 7
-36
3 (base 12) to base 14
3
Convert 10c (base 16) to base 13.
178
Convert -77 (base 12) to base 7.
-160
-1133 (base 4) to base 16
-5f
What is 3 (base 16) in base 5?
3
-15 (base 11) to base 3
-121
What is -158 (base 14) in base 15?
-134
Convert 3 (base 7) to base 6.
3
Convert 10 (base 4) to base 2.
100
Convert 104 (base 6) to base 10.
40
-1111 (base 2) to base 13
-12
-137 (base 13) to base 16
-d7
1 (base 3) to base 12
1
What is 4 (base 13) in base 2?
100
Convert 1a (base 12) to base 2.
10110
Convert 5 (base 11) to base 8.
5
-307 (base 9) to base 5
-2000
0 (base 16) to base 5
0
Convert -d (base 15) to base 5.
-23
Convert -223 (base 4) to base 7.
-61
What is 23 (base 9) in base 11?
1a
-1 (base 10) to base 14
-1
What is -24 (base 9) in base 4?
-112
Convert 13 (base 4) to base 7.
10
b (base 14) to base 2
1011
Convert 0 (base 10) to base 2.
0
Convert 0 (base 5) to base 13.
0
What is 1010000 (base 2) in base 6?
212
Convert 233 (base 4) to base 3.
1202
What is -112 (base 9) in base 16?
-5c
Convert 1 (base 4) to base 15.
1
Convert -122 (base 3) to base 16.
-11
What is -534 (base 7) in base 3?
-101000
3 (base 4) to base 14
3
-a (base 12) to base 11
-a
Convert -32 (base 4) to base 6.
-22
What is 68 (base 9) in base 3?
2022
281 (base 9) to base 2
11101011
What is 11110 (base 3) in base 2?
1111000
What is -1 (base 9) in base 12?
-1
What is 15 (base 11) in base 9?
17
Convert a (base 14) to base 16.
a
1 (base 5) to base 15
1
102 (base 6) to base 14
2a
37 (base 9) to base 3
1021
Convert 1 (base 4) to base 16.
1
Convert -168 (base 12) to base 15.
-ee
What is -121 (base 12) in base 7?
-331
Convert -2 (base 3) to base 4.
-2
-114 (base 7) to base 6
-140
What is -220 (base 3) in base 9?
-26
Convert 3a (base 13) to base 12.
41
Convert 111101 (base 2) to base 6.
141
Convert -174 (base 9) to base 13.
-b5
Convert 2 (base 13) to base 4.
2
2 (base 15) to base 9
2
What is 210 (base 3) in base 2?
10101
What is -73 (base 8) in base 14?
-43
What is 654 (base 7) in base 4?
11031
Convert 2 (base 12) to base 15.
2
Convert 2 (base 14) to base 16.
2
-5 (base 12) to base 16
-5
What is 3 (base 7) in base 12?
3
Convert -5 (base 15) to base 10.
-5
-14 (base 5) to base 4
-21
Convert 331 (base 10) to base 3.
110021
What is -6 (base 7) in base 16?
-6
Convert 1c (base 15) to base 11.
25
8 (base 10) to base 15
8
-7 (base 13) to base 10
-7
303 (base 4) to base 15
36
Convert -3 (base 4) to base 8.
-3
Convert 10 (base 11) to base 7.
14
-1 (base 4) to base 6
-1
0 (base 5) to base 10
0
What is -10 (base 15) in base 2?
-1111
b9 (base 15) to base 4
2232
What is 2 (base 3) in base 14?
2
What is -1111100 (base 2) in base 12?
-a4
10 (base 2) to base 6
2
What is 1111 (base 2) in base 7?
21
Convert 7 (base 15) to base 4.
13
Convert -111 (base 3) to base 13.
-10
-5 (base 16) to base 8
-5
Convert 10 (base 2) to base 5.
2
Convert -6 (base 12) to base 10.
-6
Convert -3 (base 7) to base 13.
-3
What is -a (base 12) in base 4?
-22
Convert -62 (base 7) to base 3.
-1122
Convert 2 (base 15) to base 2.
10
Convert -13 (base 4) to base 5.
-12
What is -3 (base 7) in base 2?
-11
-1 (base 14) to ba